te the remainder when h/(-16) - (-26)/8 is divided by 2.
0
Let q(f) = f + 11. Let n be q(-9). Suppose 0 = -2*l + 3*g + 13 + 11, -3*l = n*g - 36. Calculate the remainder when 22 is divided by l.
10
Let u(o) = o + 12. Let l = 75 + -40. Calculate the remainder when l is divided by u(0).
11
Let x(o) = -o**2 + 10*o - 10. Let t be x(9). Let v(m) = -18*m**3 + m**2 + m. What is the remainder when t - -1 - (5 - 57) is divided by v(-1)?
16
Calculate the remainder when 50 is divided by (1 + 5)*(-7)/(7/(-3)).
14
Let t be 78/(-4) + (-1)/2. Let l(f) = 2*f - 4. What is the remainder when 0 - 1 - t*1 is divided by l(7)?
9
Let y(n) = 9*n + 1. Let v = -35 + 73. Calculate the remainder when v is divided by y(1).
8
Let v = 10 + 14. Suppose -4*h - 40 = -3*s, -4*h + v = 5*s - 0*h. Calculate the remainder when 14 is divided by s.
6
Suppose 2*a = i - 66, i + 2*a = -0*i + 46. What is the remainder when i is divided by 12?
8
Let p = 11 + -8. Suppose -p*h - 53 = -4*v, -2*v + 19 + 5 = -4*h. Suppose 5*i = -10, t + 0*t - i = 10. Calculate the remainder when v is divided by t.
6
Suppose 0 = z - 4*z + 9, 2*t - 93 = -z. What is the remainder when t is divided by 16?
13
Let q = 59 + -22. Suppose q - 2 = 5*j. What is the remainder when 26 is divided by j?
5
Let k(c) = c**3 + 8*c**2 + 9*c + 8. Let l(s) = -s**2 + 2*s + 1. Let x be l(3). Let g be (-3)/(9/12) + x. Calculate the remainder when k(g) is divided by 9.
8
Let f = 3 - 3. Suppose f*h - 12 = -h. What is the remainder when h is divided by 7?
5
Suppose 0 = 2*i - 214 + 14. Calculate the remainder when i is divided by 26.
22
Suppose 6 = 4*j - 3*j. Let w be (-2)/(-4)*(13 + -1). Let t = j + w. What is the remainder when 22 is divided by t?
10
Let g(p) = -4*p + 19. What is the remainder when g(-5) is divided by 8?
7
What is the remainder when (-6)/(-4) - (-13)/2 is divided by 2?
0
Suppose -4*u - 3*o = -23, 5*u = 5*o - 19 + 74. What is the remainder when 26 is divided by u?
2
Suppose 0*i + 24 = 2*i. Let f(r) = 9*r**2 - r - 1. Calculate the remainder when i is divided by f(1).
5
Let m(a) = a**2 + 2*a + 15. Let k be m(-10). Suppose 5*g + r = -0*r + 95, 4*g = 3*r + k. Calculate the remainder when g is divided by 6.
2
Suppose w = -3*y + 19, y + 6 = -y. What is the remainder when 52 is divided by w?
24
Let s = -10 - -25. What is the remainder when 41 is divided by s?
11
Suppose -2*u = -2*f - 6*u + 108, -3*u - 73 = -2*f. What is the remainder when f is divided by 15?
14
Let l be 1/3 - (-132)/9. Let c = l + 24. Calculate the remainder when c is divided by 14.
11
Let p = 90 - 69. Suppose 273 = 4*n + 5*h, -25 = -h - 4*h. Calculate the remainder when n is divided by p.
20
Suppose 2*g = -g - 45. Let m = -13 - -35. Let r = g + m. Calculate the remainder when 12 is divided by r.
5
Let y(f) = f**3 + 3*f**2 - 3*f - 1. Let n be y(-3). Suppose 0 = -t + n - 1. What is the remainder when 11 is divided by t?
4
Suppose 0 = -8*h + 9*h - 84. What is the remainder when h is divided by 29?
26
Suppose 2*r - 4*b = -14, -10 = -4*b + 10. What is the remainder when 7 is divided by r?
1
Let k = -9 + 23. Calculate the remainder when 38 is divided by k.
10
Suppose m = -0*m + 4*r + 9, -2*r + 13 = 3*m. Suppose 5*l + 1 + 51 = 4*i, -m*i - 5*l + 110 = 0. What is the remainder when 34 is divided by i?
16
Suppose 100 = 2*v - 30. Suppose -8*m = -5*s - 4*m + 73, -5*m = 3*s - 66. Calculate the remainder when v is divided by s.
14
Suppose 0 = -l + 5*y - 20, -l + y = -2*y + 10. What is the remainder when 9 is divided by l?
4
Let b be (-5)/(-3 + 2) - 2. Suppose -b*c = c - 180. Let x = -25 + c. What is the remainder when x is divided by 7?
6
Suppose 0 = i + 1. Let f = 2 + i. Suppose v - 32 = -f. Calculate the remainder when v is divided by 11.
9
Let r(x) be the first derivative of 2*x**3/3 + 3*x**2/2 - 1. Suppose -2*q - 1 = 3. Calculate the remainder when r(q) is divided by 2.
0
Calculate the remainder when (260/6)/(3*7/63) is divided by 44.
42
Let w = 0 + 0. Suppose 3*u + 2*u = w. Suppose -2*b + 19 = 3*q, u*q - 4*q + 26 = 2*b. What is the remainder when 13 is divided by q?
6
Suppose -a + 4*a + 3*z = 57, 0 = 2*z - 6. What is the remainder when 27 is divided by a?
11
Let m be (-12)/18 + (-4)/(-6). Calculate the remainder when 1/(m + (-3)/(-15)) is divided by 2.
1
Let m = 30 - 19. Calculate the remainder when m is divided by 5/(-10)*6*-1.
2
Let i = 144 - 137. What is the remainder when 37 is divided by i?
2
Suppose -4*t = -9*t + 190. Let g = 21 - 8. What is the remainder when t is divided by g?
12
Let b(p) = -p + 1. Let j be b(-2). Let k = 3 + j. Suppose h - k = 9. Calculate the remainder when 43 is divided by h.
13
Let q(o) = 2*o**2 - 10*o - 21. Let k(j) = -j**2 + 5*j + 10. Let f(c) = 13*k(c) + 6*q(c). What is the remainder when 14*3*6/9 is divided by f(3)?
8
Let r(z) be the second derivative of z**3/3 - z**2/2 - 5*z. Calculate the remainder when 9 is divided by r(3).
4
Let a = 139 - 132. Let w = -5 - -17. Calculate the remainder when w is divided by a.
5
Suppose 131*q - 132*q + 23 = 0. What is the remainder when 111 is divided by q?
19
Calculate the remainder when (-37)/111 - ((-746)/6 + 0) is divided by 21.
19
Let f be 17/4 - 33/(-44). Suppose 0 = -f*c - 0*c + 265. What is the remainder when c is divided by 14?
11
Suppose 0*f + 5*f = 165. Let m = -19 + f. Calculate the remainder when m is divided by 8.
6
Let p = -8 - -28. Suppose 4*g = 384 - 68. What is the remainder when g is divided by p?
19
Let n = -5 - -10. Suppose -5*t + 20 - n = 0. Suppose t*s - 95 = -v - 0*v, -s + 21 = -5*v. What is the remainder when s is divided by 16?
15
Let b be (72/(-15))/((-2)/20). Suppose -2*g + b = 4. Suppose 29 + 3 = 4*k. What is the remainder when g is divided by k?
6
Let p = 2 - -2. Let j be 3/(9/(-5))*-3. Suppose -3*x + 18 = 6, -v + j*x = 11. Calculate the remainder when v is divided by p.
1
Let i = 107 + -61. Calculate the remainder when i is divided by 7.
4
Let y(d) be the second derivative of 5*d**4/12 + d**2/2 + d. Let z be -2 - (-3 - 0) - 2. Calculate the remainder when y(z) is divided by 4.
2
Suppose -a = 4*a - 4*u - 189, 2*a - 5*u = 62. Let k = -19 + a. Calculate the remainder when k is divided by 8.
6
Suppose -5*m + 19 = 2*p, -7*p - 4*m = -3*p - 32. Let t = 7 - p. Suppose 5*k - 163 + 48 = t. Calculate the remainder when 67 is divided by k.
21
Let k = 119 + -58. Calculate the remainder when k is divided by 31.
30
Suppose 0 = 4*u + 15 - 47. Suppose -5*r - 2 = u. What is the remainder when 29 - (-3)/2*r is divided by 14?
12
Let r = 6 - -13. Let w be ((-42)/(-4))/((-2)/(-4)). What is the remainder when 108/w*(8 - 1) is divided by r?
17
Suppose -2*j = 4*h - 526, -5*j + 1 = 6. Suppose 0 = -3*x - 3*o + h, 31 = x + 3*o - 21. Let q = x - 14. Calculate the remainder when q is divided by 14.
12
Let f(s) = 5*s**2 + 2*s - 5. What is the remainder when f(3) is divided by 16?
14
Suppose 0*f = 5*f - 160. What is the remainder when f is divided by 11?
10
What is the remainder when 1 + (-5 + -4)*-6 is divided by 14?
13
Let i = -109 + 123. What is the remainder when 279 is divided by i?
13
Let w(v) = -v**2 + v + 59. Let z be (8/(-12))/((-2)/(-3)). Calculate the remainder when w(0) is divided by 40/z*(-1)/2.
19
Suppose 4*l + 4 + 0 = 0. Calculate the remainder when 1/l - (-3 + -25) is divided by 10.
7
Suppose j - 42 = -2*j. Suppose -3*t + j = i + 2*t, i - 32 = 4*t. What is the remainder when 70 is divided by i?
22
Let v(h) = -6*h - 4. Let o(p) = -7*p - 5. Let s(y) = -4*o(y) + 6*v(y). Calculate the remainder when s(-5) is divided by 19.
17
Suppose 96 = 21*f - 19*f. Calculate the remainder when f is divided by 19.
10
Suppose -4*u + 5*r - 20 = 0, -5*u + 3*r - 12 = -0. Let h = 48 - 77. What is the remainder when (1 - h) + u + 1 is divided by 16?
15
What is the remainder when 7 is divided by 6/8*-2*-2?
1
Let a = 5 - 0. Let u(d) = 6*d + 7. What is the remainder when u(a) is divided by (1/(-2))/1*-38?
18
Let w be (1 - 0)/(4/104). Suppose 31 + w = 3*g. Calculate the remainder when g is divided by 10.
9
Suppose i = 2*i - 20. Suppose -i + 4 = -2*m. What is the remainder when 1*(0 - -1 - -13) is divided by m?
6
Let t(b) = b**3 - 4*b**2 + 5*b + 1. Calculate the remainder when 82 is divided by t(4).
19
Suppose -5*d = 5*c - 251 - 14, -d + 57 = -c. Let w = 8 - -6. Calculate the remainder when d is divided by w.
13